f 1885?
True
Does 1178 divide 145602221?
False
Is 49 a factor of 12457532?
False
Is 28 a factor of 48794228?
True
Is 9087384 a multiple of 5?
False
Is 8806 a factor of 2019299565?
False
Is 10634799 a multiple of 3?
True
Is 584805548 a multiple of 580?
False
Is 1292 a factor of 90930960?
True
Is 5156832 a multiple of 77?
False
Is 25 a factor of 163651160?
False
Is 19965776 a multiple of 1165?
False
Is 50 a factor of 2282870?
False
Is 278528595 a multiple of 83?
False
Is 128528069 a multiple of 538?
False
Is 1050498 a multiple of 102?
True
Is 1309 a factor of 23402288?
False
Is 314454899 a multiple of 311?
True
Does 3979 divide 231140110?
True
Is 34568894 a multiple of 6?
False
Is 9203256 a multiple of 412?
True
Is 80 a factor of 63758914?
False
Is 175628900 a multiple of 16?
False
Is 386 a factor of 180210383?
False
Does 31 divide 75929292?
True
Is 45314794 a multiple of 36?
False
Is 827102319 a multiple of 6?
False
Does 10075 divide 433486950?
True
Is 167 a factor of 79844036?
True
Does 235 divide 786343840?
True
Is 4084 a factor of 3955313160?
True
Does 884 divide 58562348?
True
Is 242 a factor of 263733052?
True
Does 83 divide 3361370905?
False
Is 4089814 a multiple of 36?
False
Does 12 divide 159611573?
False
Is 4201 a factor of 2050209829?
True
Is 4 a factor of 13498392?
True
Is 233 a factor of 2669692631?
False
Is 860 a factor of 38620880?
True
Does 6 divide 194065602?
True
Is 45 a factor of 18760095?
True
Is 2320282918 a multiple of 409?
False
Is 51896988 a multiple of 748?
True
Does 97 divide 2578799223?
True
Is 347393130 a multiple of 3010?
True
Does 6451 divide 179753287?
False
Is 64 a factor of 105747584?
True
Is 64 a factor of 32328192?
True
Is 6786498 a multiple of 8?
False
Is 18 a factor of 47716164?
True
Is 1234 a factor of 150053706?
False
Does 28 divide 218479840?
False
Is 35 a factor of 45878350?
True
Is 17 a factor of 37313573?
False
Does 329 divide 184183741?
True
Is 175 a factor of 21568697?
False
Does 308 divide 452855172?
True
Is 184 a factor of 1613520104?
True
Is 3 a factor of 11120381?
False
Is 21615154 a multiple of 22?
True
Is 5 a factor of 171336826?
False
Is 36 a factor of 35863452?
True
Does 494 divide 497174444?
True
Is 11118553 a multiple of 589?
True
Is 66 a factor of 360977298?
True
Is 25280160 a multiple of 8?
True
Is 26280819 a multiple of 3?
True
Does 595 divide 78720723?
False
Does 25 divide 77777360?
False
Is 17 a factor of 81560543?
True
Is 618 a factor of 344657539?
False
Is 112 a factor of 151589648?
True
Is 55 a factor of 58603325?
True
Does 107 divide 1353185?
False
Is 2158 a factor of 113558276?
True
Is 500 a factor of 280091500?
True
Is 175 a factor of 86126250?
True
Does 228 divide 189284916?
True
Is 81 a factor of 7302960?
True
Does 448 divide 103539968?
True
Is 595 a factor of 363672925?
True
Is 1615970976 a multiple of 2976?
True
Is 86735256 a multiple of 649?
False
Does 1107 divide 307672938?
True
Is 23268932 a multiple of 34?
False
Is 612 a factor of 287100828?
True
Is 260 a factor of 171935400?
True
Is 362 a factor of 8846556?
True
Does 204 divide 179374140?
True
Is 1973190 a multiple of 170?
True
Is 1827 a factor of 242808278?
False
Does 2352 divide 4066361040?
True
Is 69535036 a multiple of 7?
False
Is 133746149 a multiple of 181?
True
Is 15 a factor of 30431160?
True
Is 85614979 a multiple of 12?
False
Is 3600984786 a multiple of 339?
True
Is 117 a factor of 146209635?
True
Does 14 divide 4484999692?
False
Is 16829110 a multiple of 9?
False
Is 27 a factor of 113254270?
False
Is 816427500 a multiple of 420?
True
Is 28 a factor of 92654284?
False
Is 452 a factor of 125535698?
False
Does 8 divide 23236752?
True
Does 114 divide 268131762?
True
Is 9 a factor of 200760938?
False
Is 7 a factor of 35523733?
True
Does 20 divide 1880571?
False
Is 67203533 a multiple of 418?
False
Is 765 a factor of 124580727?
False
Does 38 divide 46518460?
True
Is 17 a factor of 9766330?
True
Is 124446872 a multiple of 9929?
False
Is 83946031 a multiple of 7?
False
Does 10 divide 72345530?
True
Does 8 divide 315817385?
False
Is 17 a factor of 45753933?
False
Does 1466 divide 1028944828?
False
Is 51784726 a multiple of 26?
False
Is 71055892 a multiple of 594?
False
Is 29503251 a multiple of 208?
False
Is 747 a factor of 512608581?
True
Is 780 a factor of 106997280?
True
Is 68009135 a multiple of 1045?
False
Is 20 a factor of 2654674?
False
Is 12500100 a multiple of 1548?
True
Is 320 a factor of 40898560?
True
Is 27 a factor of 10686702?
False
Does 13 divide 98072007?
False
Is 2936 a factor of 13156216?
True
Is 453 a factor of 16037106?
True
Is 3 a factor of 2356077?
True
Does 304 divide 29402272?
True
Does 3114 divide 154711041?
False
Is 51 a factor of 82074905?
False
Is 134 a factor of 94576262?
True
Does 208 divide 44652222?
False
Does 21 divide 560449974?
True
Is 78 a factor of 2506419240?
True
Is 67402796 a multiple of 14?
False
Is 6 a factor of 177896363?
False
Is 116755520 a multiple of 1880?
True
Does 35 divide 1102088575?
True
Is 132444928 a multiple of 14?
True
Is 18668440 a multiple of 28?
True
Is 6 a factor of 39894324?
True
Is 37248660 a multiple of 10?
True
Is 6 a factor of 1567100?
False
Is 1176795 a multiple of 69?
True
Does 1345 divide 44851797?
False
Does 302 divide 696543014?
False
Is 14 a factor of 1213703904?
True
Does 210 divide 112347270?
True
Is 33 a factor of 8722395?
True
Is 157724088 a multiple of 169?
False
Does 8 divide 16477152?
True
Is 95322718 a multiple of 384?
False
Is 675 a factor of 72001319?
False
Is 2363 a factor of 300890242?
True
Is 12385608 a multiple of 921?
True
Is 386189144 a multiple of 1591?
False
Does 73 divide 40363567?
False
Is 237 a factor of 1577642921?
False
Is 16 a factor of 18196845?
False
Is 2380563847 a multiple of 1089?
False
Does 138 divide 782860?
False
Is 352 a factor of 710792552?
False
Is 68539964 a multiple of 6?
False
Does 130 divide 46986224?
False
Is 5 a factor of 20698534?
False
Is 57 a factor of 53840433?
True
Does 23 divide 44249703?
False
Does 804 divide 73884239?
False
Is 19 a factor of 63746672?
True
Is 23 a factor of 179443792?
True
Is 68 a factor of 89942663?
False
Is 17978726 a multiple of 21?
False
Does 269 divide 25919764?
True
Is 446 a factor of 161427916?
True
Does 49 divide 748033235?
False
Is 90 a factor of 25319125?
False
Does 2306 divide 7021573893?
False
Does 5977 divide 180973073?
False
Is 712 a factor of 84116869?
False
Is 4240078 a multiple of 91?
False
Is 1821951769 a multiple of 8155?
False
Is 2134 a factor of 20202578?
True
Does 810 divide 829117620?
True
Is 120694434 a multiple of 174?
False
Is 24072720 a multiple of 1335?
True
Is 506862806 a multiple of 3775?
False
Is 1996437572 a multiple of 668?
True
Is 318921436 a multiple of 22?
False
Is 184119397 a multiple of 789?
False
Is 160 a factor of 48582704?
False
Is 2267782675 a multiple of 293?
False
Is 46 a factor of 4795472?
False
Is 119 a factor of 9469819?
False
Does 1063 divide 1392181336?
True
Does 20 divide 165508540?
True
Does 30 divide 4406309516?
False
Does 1316 divide 974675831?
False
Is 403 a factor of 26446528?
False
Is 87 a factor of 331120782?
True
Is 8295473 a multiple of 17?
True
Is 1724048888 a multiple of 1684?
True
Is 100 a factor of 3198085915?
False
Is 1197 a factor of 36129051?
True
Is 11 a factor of 169718670?
True
Is 2205 a factor of 138891005?
False
Is 14 a factor of 617463294?
True
Is 1752935597 a multiple of 7?
True
Is 4850651 a multiple of 13?
True
Does 435 divide 284279895?
True
Is 13 a factor of 30063384?
True
Is 17139476 a multiple of 82?
True
Is 16 a factor of 459183568?
True
Does 34 divide 69090652?
True
Is 16 a factor of 107489744?
True
Is 1269117050 a multiple of 46?
False
Does 302 divide 27278130?
False
Is 1388589761 a multiple of 756?
False
Is 5817434 a multiple of 659?
False
Does 735 divide 231552930?
True
Is 849 a factor of 50176274?
False
Does 8 divide 10995744?
True
Is 8211696 a multiple of 12?
True
Does 2 divide 3262260?
True
Is 4727 a factor of 146538007?
False
Is 418701539 a multiple of 309?
False
Is 466 a factor of 4339152?
False
Is 316512107 a multiple of 43?
False
Is 1092032338 a multiple of 15?
False
Is 173 a factor of 776162186?
False
Does 299 divide 23862891?
True
Is 558157887 a multiple of 583?
False
Is 34078093 a multiple